154. Suppose p*r - 2*c = 7*r - 62, 3*r - 4*c + 34 = 0. Let g(f) = f**3 + 19*f**2 + 17*f - 15. Give g(r).
3
Let l = -199 - -351. Let a = 144 - l. Let j(f) = 15*f**3 + f**2 - 3*f + 6. Let i(o) = 7*o**3 + o**2 - 2*o + 3. Let y(t) = 13*i(t) - 6*j(t). Give y(a).
3
Suppose 42 = 115*s - 108*s. Let u(g) = s*g - 4*g**2 - 2*g**3 + g**3 + 36609 - 36611. Give u(-6).
34
Let i(s) = s**3 + 0 - 8 - 9*s - 5*s**2 - 5*s**2. Let b(w) = 204*w - 9169. Let y be b(45). Calculate i(y).
14
Let f(a) = 5303 - 11*a - 5142 + 16*a. Determine f(-35).
-14
Suppose -2*h - 8 = 10. Suppose 11 = -3*n + 23. Let b(x) = 76*x**2 + n - 8*x - x**3 - 31*x**2 - 31*x**2 - 24*x**2. What is b(h)?
-5
Let i = -93 - -101. Suppose i = 2*p - 5*v - 22, 30 = 4*p + 5*v. Let t(d) = -170 + 83 + 6*d**2 - d**3 + p*d + 84. What is t(7)?
18
Let l(z) = -81*z + 135. Let x be l(2). Let k(f) = f**3 + 28*f**2 + 26*f - 47. Determine k(x).
-20
Let t(j) be the second derivative of -5*j**3/6 + 72*j**2 - 467*j. Calculate t(28).
4
Let u(q) = 19*q**2 - 14*q - 7. Let n(w) = -45*w**2 + 30*w + 14. Let r(z) = 3*n(z) + 7*u(z). Determine r(-6).
-31
Suppose 6*c + 16 = 25*c - 22. Let a(n) = -2*n**2 - n + 2 - 2 + 1. What is a(c)?
-9
Suppose 4*k + 3*g = -5, -1 = 2*k + g - 0*g. Let q be 92/10*(-9 - k). Let r = q + 98. Let d(u) = u - 10. Determine d(r).
-4
Let h(s) = -s**3 - 2*s**2 + 7*s + 1. Let j be h(-4). Suppose -4*t = 2*g - 38, -j*g + 5*t + 6 + 44 = 0. Let l(k) = k**3 - 12*k**2 - 13*k. Give l(g).
0
Let i = -173 - -173. Suppose 2*k + 2*a = 2, 3*k + 1 = -2*a - 3*a. Let m(s) = 2 - s**3 - 2*s**k + 2*s**3 + 0*s**3. Calculate m(i).
2
Let l(f) = 47*f - 12. Let t(c) = 86*c - 22. Let g(n) = -11*l(n) + 6*t(n). What is g(12)?
-12
Let i(w) be the third derivative of w**6/120 + w**5/15 + w**4/12 - w**3 - w**2 + 40*w. What is i(-4)?
-14
Let b(l) be the third derivative of 5*l**4/24 - 5*l**3/2 + 24*l**2 - 187*l + 2. Let a be 4/1*(-6)/(-4). What is b(a)?
15
Let w(h) = -9*h - 2. Suppose -3*g - 4*y = 0, -4*g + 5*y + 19 = -3*g. Suppose -4*n = -2*z + g, 3*n - 6*z + 10 = -z. Suppose 7*o + 6*o - 26 = n. Calculate w(o).
-20
Let x(p) be the third derivative of -1 + 5/6*p**3 + 83*p**2 - 1/12*p**4 + 0*p. Give x(6).
-7
Let y be 6 + -5 + -5 - -153. Suppose -49 = -20*c - y. Let j(w) = 5*w - 1. What is j(c)?
-26
Let c(w) = -2*w - 12. Let r(a) = -7 - 11 + 3*a + 31. Let o(p) = -4*c(p) - 3*r(p). Let l = -1 - -1. What is o(l)?
9
Let j be ((399/56)/(-19))/(2/(-4)). Let c(b) be the first derivative of 0*b + 12 + 0*b**2 - 1/3*b**3 + j*b**4. Determine c(-1).
-4
Let p(n) = n**3 + 8*n**2 + 9*n + 9. Let f be ((-2)/(-4))/(38/228). Suppose 5*i + 30 = 5*c, -2*i = f*i - 4*c + 31. Give p(i).
-5
Let q(w) = 11*w**3 - 11*w**2 + 19*w - 10. Let i(x) = -9*x**3 + 10*x**2 - 17*x + 10. Let k(r) = -5*i(r) - 4*q(r). Give k(5).
10
Let a(q) = 79*q**3 - 8*q**2 - 13 - 34*q + 29*q + 2 - 80*q**3. Calculate a(-5).
-61
Let z = 2152 - 2153. Let a be 155/25 + 1/(-5). Let u(n) = -21*n**2 - 5*n. Let l(t) = 21*t**2 + 6*t. Let g(b) = a*u(b) + 5*l(b). What is g(z)?
-21
Let b(m) = -5*m**2 + m. Let y(a) = -a**3 + a**2 + a + 2. Let z be 25/75*(-4 - -1). Let r(l) = z*b(l) - y(l). Give r(-5).
-17
Let d(t) = -8*t + 181*t**2 - 94*t**2 - 3 + t - 88*t**2. Let u = 15 - 14. Suppose u = 2*h + 11. Calculate d(h).
7
Let f be (-1)/2*(-3 + 3*-5). Let y(n) = -21 + 4*n - 3*n**2 - f*n + 23 + n**3 + 0*n. Give y(4).
-2
Let m(v) = v**3 + 15*v**2 - 18*v - 31. Suppose 41*p + 368 = 18*p. Determine m(p).
1
Let p(o) = -2*o**2 + 168*o - 331. Let s be p(82). Let g(x) = 5*x - 9. Determine g(s).
-24
Let r(o) be the second derivative of -o**4/12 - 5*o**3/6 + 7*o**2/2 - 48*o. Suppose 5*v + 44 - 244 = 0. Suppose 14*m - v = 19*m. Calculate r(m).
-17
Let k be 171 - 179 - -5*4. Let u(t) = -t**3 + 11*t**2 + 15*t - 7. Determine u(k).
29
Let i be -4*(-14 - (-1955)/140)*7. Let l(z) be the third derivative of -z**4/12 - z**2. What is l(i)?
-2
Suppose x - 12 = -x. Let g(o) be the third derivative of 1/6*o**3 - 1/120*o**6 + 14*o**2 + 1/10*o**5 + 1/24*o**4 + 0 + 0*o. Calculate g(x).
7
Let f(n) = n**2 + 21*n + 39. Suppose w = -4, -3*v + 5*w - 8*w = 6. Suppose -k - 44 = v*r + 2*k, 2*k = 5*r + 91. Determine f(r).
1
Suppose 2*m - g + 12 = 0, 46 = -3*g + 40. Let x(b) = -2*b - 3. Let d(f) = f. Let z(a) = 2*d(a) - x(a). Calculate z(m).
-25
Suppose 56*s = 49*s + 14. Let o(i) = i - 754 + 1505 + i**s - 751. Calculate o(-1).
0
Let m(b) be the second derivative of 11*b**3/3 + 17*b**2/2 + 4*b - 16. Determine m(-1).
-5
Suppose -10*m = -6*m - 160. Let z = m - 44. Let g be ((-2 - -3) + 0)*z. Let x(o) = -o**3 - 3*o**2 + 7*o + 5. Give x(g).
-7
Let o(j) = 6*j**2 + 3*j. Let x be o(2). Suppose 0 = -4*d - 20, 4*r - 9 = -5*d - x. Let b(f) = -9*f + 1. Give b(r).
-8
Suppose 4*n + 3*v - 5 = 0, -2*v + 2 - 12 = 0. Suppose 5*f + 3*q - 37 = 0, n*f = 2*f - 4*q + 31. Let c(h) = -9 - 6 - f - 11*h + 19. What is c(2)?
-23
Let z(c) = c**2 + 19*c + 27. Suppose -79*d + 67*d - 240 = 0. Determine z(d).
47
Let t(g) be the first derivative of -70 - 8*g + 1/2*g**2. What is t(4)?
-4
Let w(l) = 9*l + 16. Suppose u + 2*t + 6 = 7, -4*u = -4*t + 8. Let s be w(u). Let n(j) = j**2 - 8*j + 1. What is n(s)?
-6
Let j(g) = 722*g**2 - 1400*g**2 + 22*g + 673*g**2 - 13 - g**3. Give j(-8).
3
Suppose 4 = d + 1. Let y(w) = 2 - d*w + 0*w + 0*w + 5*w. Let i = -150 - -148. What is y(i)?
-2
Let v = 3303 + -3297. Let i(m) = m**3 - 2*m**2 - 19*m - 7. Determine i(v).
23
Let h(m) = -2*m**2 - 4*m - 3. Suppose -9*v - 5*d - 18 = -6*v, -2*v + 5*d - 12 = 0. What is h(v)?
-51
Let d(x) = -x - 4. Suppose 5*t = -138 + 108. Let c be t/(-4)*(-40)/(-60). Let p be 20/(-4)*(-2 + c). Calculate d(p).
-9
Let v(p) be the third derivative of 1/6*p**3 + 46*p**2 - 1/8*p**4 + 0 + 0*p. Calculate v(-1).
4
Suppose -4*j - 68 = -2*a, -221*j + 216*j - 2*a = 103. Let k(r) = 2*r**2 + 39*r + 24. Give k(j).
5
Let x(l) = l**2 - 7*l - 9. Suppose 0 = 75*n - 78*n + 6. Suppose j = -5*c, j + 4*c = n*c. Suppose -5*r = 20, j*r + r - 5 = -u. Give x(u).
9
Let c be (-4 - -5)/((-4)/(-12)). Suppose -5*r - k = -25, -r + 5*k = 8*k - 19. Let m(l) = r - l + 3*l + l**2 + 9*l - c*l. What is m(-4)?
-12
Let v = 31 + -1. Suppose 0 = 132*y - 138*y + v. Let a(m) be the first derivative of -m**2/2 - 3*m - 1. Determine a(y).
-8
Let y = 72 + -38. Suppose y*v = 38*v - 20. Let l(f) be the first derivative of -f**4/4 + 7*f**3/3 - 3*f**2 + 3*f - 1. Determine l(v).
23
Let y(p) = 3*p + 3. Suppose 8 = -0*o - 4*o. Let v be y(o). Let i(m) = 87*m**3 + 2 - 33*m**3 - 53*m**3 + 3*m**2. Give i(v).
2
Let n(d) be the second derivative of -d**5/20 - 7*d**4/12 - 2*d**3/3 - 8*d**2 - 403*d + 3. Give n(-6).
-28
Let y(b) = 0*b + 79*b**3 + 8*b + 8*b**2 - 29*b**3 - 24*b**3 - 25*b**3 + 4. Let m(u) = u**2 + u - 7. Let o be m(0). Give y(o).
-3
Let f(a) = -2*a**2 + 2*a**2 + 3*a**2 - 6 - 100*a - a + 95*a. Determine f(-3).
39
Let l be (36/(-14)*356/267)/(12/(-42)). Let r(s) = s**2 - 18*s + 42. Determine r(l).
-30
Suppose -22 = s - 234. Let u(n) = -427 + 207 + s + n**2 - 7*n. What is u(7)?
-8
Let w = -4 + 0. Let s = -382 - -376. Let a(c) = 2*c**3 + c**2 + 1. Let d(j) = -11*j**3 - 3*j**2 - 3*j - 9. Let p(q) = s*a(q) - d(q). Give p(w).
7
Let h(m) be the second derivative of -m**3/6 - 3*m**2 + m. Suppose 172 = 35*t - 843. Suppose t*n = 23*n - 60. Calculate h(n).
4
Let b(g) = -g + 13. Let j be b(13). Let x be (0 - (j - -1))*(-4 - -4). Let n(i) = i**2 - i - 24. What is n(x)?
-24
Let v be 5*(-3 + 46/10). Suppose -2*w = -4*w + 3*b - v, 2*b = 8. Let t(y) = -7 - 2 + 0*y - w*y + 0. Determine t(-6).
3
Let m(y) = -y - 2. Suppose -5*f + 63 = -12*f. Let o be (7*(-6)/f)/((-1)/9). Let t be (-12)/o + 64/(-28). What is m(t)?
0
Let b(u) = -73*u - 45. Let s(v) = 47*v + 36. Let q(k) = -2*b(k) - 3*s(k). Let g(w) = w**3 + 16*w**2 + 16*w + 19. Let m be g(-15). What is q(m)?
2
Let j(n) = -n**2 - 29*n + 55. Let w be j(-31). Let x(r) be the third derivative of 5/6*r**3 + 0*r + 1/24*r**4 + 0 + 43*r**2. Give x(w).
-2
Let p(v) be the second derivative of -9*v**3/2 - 34*v. Let r(a) = -7*a. Let x(k) = 2*p(k) - 9*r(k). Calculate x(3).
27
Let m(c) be the second derivative of -c**5/20 + 19*c**4/12 - 3*c**3 + 10*c**2 - 2*c - 335. What is m(18)?
20
Let r = -5085 - -5084. Let l(c) = -2 + 7 + 3*c - 3 - 2*c. Give l(r).
1
Suppose -89*t = -1240 - 362. Let j(w) = w**3 - 16*w**2 - 24*w - 218. Determine j(t).
-2
Let j(i) = 2 + 2 - 3